ands digit of 125647?
2
What is the units digit of 7082?
2
What is the hundreds digit of 9485?
4
What is the tens digit of 3492?
9
What is the tens digit of 48441?
4
What is the hundred thousands digit of 127204?
1
What is the units digit of 5275?
5
What is the thousands digit of 4432?
4
What is the units digit of 4325?
5
What is the tens digit of 3760?
6
What is the units digit of 2363?
3
What is the hundreds digit of 1142?
1
What is the tens digit of 5508?
0
What is the hundreds digit of 3131?
1
What is the units digit of 808?
8
What is the tens digit of 3391?
9
What is the hundreds digit of 838?
8
What is the hundreds digit of 5767?
7
What is the units digit of 17604?
4
What is the hundreds digit of 4808?
8
What is the units digit of 106?
6
What is the units digit of 2242?
2
What is the tens digit of 1395?
9
What is the hundreds digit of 6117?
1
What is the thousands digit of 24046?
4
What is the units digit of 224?
4
What is the hundreds digit of 17357?
3
What is the units digit of 684?
4
What is the tens digit of 1163?
6
What is the tens digit of 11679?
7
What is the tens digit of 22465?
6
What is the tens digit of 123620?
2
What is the units digit of 676?
6
What is the units digit of 20765?
5
What is the tens digit of 2248?
4
What is the units digit of 871?
1
What is the thousands digit of 1256?
1
What is the tens digit of 42353?
5
What is the tens digit of 3868?
6
What is the tens digit of 14243?
4
What is the thousands digit of 4429?
4
What is the ten thousands digit of 20070?
2
What is the hundreds digit of 427?
4
What is the hundreds digit of 93778?
7
What is the hundreds digit of 15960?
9
What is the hundreds digit of 12158?
1
What is the thousands digit of 14315?
4
What is the units digit of 5781?
1
What is the tens digit of 48?
4
What is the hundreds digit of 382?
3
What is the tens digit of 6120?
2
What is the thousands digit of 105211?
5
What is the tens digit of 320?
2
What is the units digit of 4511?
1
What is the units digit of 73580?
0
What is the ten thousands digit of 33294?
3
What is the tens digit of 577?
7
What is the hundreds digit of 3198?
1
What is the tens digit of 8510?
1
What is the hundreds digit of 9883?
8
What is the ten thousands digit of 10362?
1
What is the ten thousands digit of 17372?
1
What is the hundreds digit of 43564?
5
What is the ten thousands digit of 46069?
4
What is the tens digit of 7256?
5
What is the units digit of 7148?
8
What is the thousands digit of 136292?
6
What is the tens digit of 36743?
4
What is the units digit of 10483?
3
What is the tens digit of 56389?
8
What is the hundreds digit of 1056?
0
What is the hundreds digit of 3855?
8
What is the hundreds digit of 109290?
2
What is the hundreds digit of 40780?
7
What is the hundreds digit of 17103?
1
What is the tens digit of 86097?
9
What is the thousands digit of 1352?
1
What is the units digit of 1904?
4
What is the units digit of 1579?
9
What is the hundreds digit of 6575?
5
What is the hundreds digit of 21130?
1
What is the hundreds digit of 39261?
2
What is the units digit of 1346?
6
What is the units digit of 611?
1
What is the hundreds digit of 1707?
7
What is the thousands digit of 2264?
2
What is the hundreds digit of 140?
1
What is the ten thousands digit of 117777?
1
What is the units digit of 638?
8
What is the thousands digit of 2164?
2
What is the thousands digit of 14888?
4
What is the hundreds digit of 5059?
0
What is the thousands digit of 30283?
0
What is the units digit of 108451?
1
What is the tens digit of 495?
9
What is the tens digit of 8497?
9
What is the tens digit of 31839?
3
What is the ten thousands digit of 39739?
3
What is the thousands digit of 2156?
2
What is the units digit of 1128?
8
What is the units digit of 625?
5
What is the thousands digit of 4955?
4
What is the hundreds digit of 5123?
1
What is the units digit of 50130?
0
What is the units digit of 18024?
4
What is the units digit of 4174?
4
What is the thousands digit of 2767?
2
What is the hundreds digit of 326?
3
What is the units digit of 114004?
4
What is the thousands digit of 21140?
1
What is the thousands digit of 34847?
4
What is the hundreds digit of 4953?
9
What is the thousands digit of 8421?
8
What is the hundreds digit of 18868?
8
What is the thousands digit of 57302?
7
What is the units digit of 535?
5
What is the thousands digit of 1891?
1
What is the tens digit of 332?
3
What is the tens digit of 319?
1
What is the tens digit of 165?
6
What is the tens digit of 2625?
2
What is the ten thousands digit of 46953?
4
What is the hundreds digit of 381?
3
What is the tens digit of 30775?
7
What is the thousands digit of 12007?
2
What is the ten thousands digit of 90714?
9
What is the tens digit of 96254?
5
What is the hundreds digit of 30394?
3
What is the hundreds digit of 28072?
0
What is the hundreds digit of 1715?
7
What is the thousands digit of 62084?
2
What is the thousands digit of 3400?
3
What is the units digit of 169382?
2
What is the units digit of 13005?
5
What is the tens digit of 429?
2
What is the hundreds digit of 46903?
9
What is the ten thousands digit of 14649?
1
What is the tens digit of 6655?
5
What is the units digit of 6645?
5
What is the tens digit of 84504?
0
What is the hundreds digit of 2988?
9
What is the hundreds digit of 3625?
6
What is the hundreds digit of 82863?
8
What is the hundreds digit of 23311?
3
What is the hundreds digit of 36242?
2
What is the tens digit of 30094?
9
What is the hundreds digit of 134?
1
What is the hundreds digit of 37492?
4
What is the ten thousands digit of 17880?
1
What is the hundreds digit of 63815?
8
What is the tens digit of 5969?
6
What is the units digit of 933?
3
What is the units digit of 1247?
7
What is the thousands digit of 48974?
8
What is the hundreds digit of 88354?
3
What is the ten thousands digit of 118539?
1
What is the hundreds digit of 140170?
1
What is the tens digit of 1886?
8
What is the hundreds digit of 1427?
4
What is the thousands digit of 89443?
9
What is the units digit of 256?
6
What is the tens digit of 53851?
5
What is the tens digit of 4705?
0
What is the units digit of 1018?
8
What is the hundreds digit of 881?
8
What is the hundreds digit of 35400?
4
What is the thousands digit of 6762?
6
What is the tens digit of 47080?
8
What is the units digit of 1264?
4
What is the hundreds digit of 541?
5
What is the tens digit of 422?
2
What is the hundreds digit of 9144?
1
What is the units digit of 1594?
4
What is the hundreds digit of 30270?
2
What is the hundreds digit of 2232?
2
What is the thousands digit of 3351?
3
What is the thousands digit of 10129?
0
What is the tens digit of 4980?
8
What is the units digit of 1537?
7
What is the thousands digit of 23474?
3
What is the hundreds digit of 19299?
2
What is the tens digit of 68740?
4
What is the thousands digit of 39083?
9
What is the thousands digit of 1029?
1
What is the tens digit of 491?
9
What is the hundreds digit of 7708?
7
What is the thousands digit of 3332?
3
What is the tens digit of 36198?
9
What is the thousands digit of 113135?
3
What is the thousands digit of 5578?
5
What is the hundreds digit of 26492?
4
What is the ten thousands digit of 10126?
1
What is the tens digit of 439?
3
What is the units digit of 507?
7
What is the thousands digit of 29753?
9
What is the hundreds digit of 350?
3
What is the units digit of 1675?
5
What is the thousands digit of 8601?
8
What is the hundreds digit of 7292?
2
What is the thousands digit of 10051?
0
What is the hundreds digit of 4100?
1
What is the hundreds digit of 1590?
5
What is the hundreds digit of 1452?
4
What is the tens digit of 1906?
0
What is the units digit of 3030?
0
What is the thousands digit of 16231?
6
What is the hundreds digit of 2307?
3
What is the thousands digit of 54417?
4
What is the units digit of 130?
0
What is the units digit of 2715?
5
What is the hundreds digit of 441?
4
What is the ten thousands digit of 37052?
3
What is the units digit of 39906?
6
What is the hundreds digit of 2394?
3
What is the hundreds digit of 11542?
5
What is the tens digit of 685?
8
What is the ten thousands digit of 31388?
3
What is the units digit of 6934?
4
What is the thousands digit of 7264?
7
What is the tens digit of 453?
5
Wha